 multiple of 31?
False
Is 33 a multiple of 2?
False
Does 3 divide 396?
True
Is 1830 a multiple of 30?
True
Is 191 a factor of 2777?
False
Is 72 a factor of 576?
True
Is 66 a factor of 320?
False
Does 3 divide 41?
False
Is 4 a factor of 619?
False
Is 28 a factor of 8820?
True
Is 30770 a multiple of 8?
False
Is 1462 a multiple of 86?
True
Is 7530 a multiple of 92?
False
Is 3903 a multiple of 101?
False
Is 155 a factor of 39370?
True
Is 450 a multiple of 6?
True
Is 5 a factor of 13689?
False
Is 20 a factor of 840?
True
Is 135 a factor of 49410?
True
Is 51 a factor of 510?
True
Is 532 a multiple of 7?
True
Is 29 a factor of 82820?
False
Is 12 a factor of 4436?
False
Is 365 a multiple of 16?
False
Does 9 divide 3663?
True
Is 38 a factor of 798?
True
Is 7 a factor of 882?
True
Is 164 a factor of 20828?
True
Is 35778 a multiple of 89?
True
Does 146 divide 43667?
False
Is 8 a factor of 317?
False
Is 21 a factor of 508?
False
Is 800 a multiple of 40?
True
Is 9 a factor of 63?
True
Is 100296 a multiple of 8?
True
Is 46 a factor of 940?
False
Does 23 divide 885?
False
Does 4 divide 3080?
True
Is 66 a factor of 5742?
True
Is 19 a factor of 2755?
True
Is 1625 a multiple of 10?
False
Is 77 a factor of 14347?
False
Is 376 a multiple of 8?
True
Is 960 a multiple of 15?
True
Does 51 divide 892?
False
Is 1122 a multiple of 66?
True
Is 104 a multiple of 27?
False
Is 8888 a multiple of 47?
False
Is 24 a factor of 8906?
False
Is 179 a factor of 35621?
True
Is 55 a factor of 1390?
False
Does 10 divide 2182?
False
Is 968 a multiple of 22?
True
Is 14 a factor of 2632?
True
Is 66 a factor of 19008?
True
Does 62 divide 16943?
False
Does 6 divide 1226?
False
Is 2380 a multiple of 20?
True
Is 14 a factor of 22043?
False
Does 15 divide 165?
True
Is 434 a multiple of 72?
False
Is 11046 a multiple of 6?
True
Is 933 a multiple of 31?
False
Is 20544 a multiple of 16?
True
Does 8 divide 116?
False
Is 83 a factor of 23262?
False
Is 4395 a multiple of 54?
False
Is 89 a factor of 928?
False
Is 754 a multiple of 13?
True
Is 8 a factor of 8061?
False
Is 728 a multiple of 104?
True
Is 16 a factor of 533?
False
Does 82 divide 41246?
True
Is 2408 a multiple of 68?
False
Is 27 a factor of 7641?
True
Does 6 divide 3144?
True
Is 3002 a multiple of 38?
True
Is 84 a factor of 90?
False
Is 8 a factor of 28400?
True
Is 1191 a multiple of 4?
False
Is 8 a factor of 2275?
False
Is 5 a factor of 1020?
True
Is 192 a factor of 26304?
True
Is 14 a factor of 51884?
True
Is 32 a factor of 32?
True
Is 3107 a multiple of 39?
False
Does 22 divide 1050?
False
Does 29 divide 121510?
True
Is 11 a factor of 1182?
False
Is 3 a factor of 131?
False
Is 728 a multiple of 28?
True
Does 12 divide 10199?
False
Does 21 divide 12817?
False
Does 100 divide 2227?
False
Does 31 divide 1579?
False
Is 8 a factor of 6023?
False
Is 22050 a multiple of 63?
True
Is 24244 a multiple of 209?
True
Is 17682 a multiple of 7?
True
Is 132 a factor of 5762?
False
Is 10 a factor of 1897?
False
Is 496 a multiple of 8?
True
Does 31 divide 5974?
False
Is 6 a factor of 12310?
False
Is 23 a factor of 414?
True
Is 43 a factor of 2061?
False
Does 8 divide 5175?
False
Is 504 a multiple of 56?
True
Does 7 divide 3160?
False
Is 315 a multiple of 21?
True
Is 7 a factor of 7723?
False
Does 93 divide 854?
False
Does 92 divide 10684?
False
Is 22 a factor of 8778?
True
Is 2 a factor of 498?
True
Does 27 divide 153549?
True
Is 118 a multiple of 6?
False
Is 1255 a multiple of 251?
True
Does 37 divide 62846?
False
Is 95 a factor of 4940?
True
Is 1890 a multiple of 54?
True
Is 724 a multiple of 8?
False
Is 105 a multiple of 35?
True
Is 59 a multiple of 27?
False
Does 59 divide 11387?
True
Is 9 a factor of 25918?
False
Does 37 divide 9900?
False
Does 53 divide 106?
True
Is 5624 a multiple of 76?
True
Does 22 divide 13596?
True
Does 30 divide 180?
True
Is 69500 a multiple of 139?
True
Does 14 divide 6114?
False
Is 5948 a multiple of 162?
False
Is 3 a factor of 775?
False
Does 4 divide 406?
False
Does 34 divide 9035?
False
Does 12 divide 732?
True
Is 201 a factor of 27336?
True
Is 113 a factor of 24236?
False
Is 419 a multiple of 5?
False
Is 100 a multiple of 50?
True
Is 2115 a multiple of 15?
True
Does 13 divide 6539?
True
Does 12 divide 2232?
True
Is 23 a factor of 1219?
True
Does 99 divide 5643?
True
Does 4 divide 748?
True
Is 15 a factor of 6883?
False
Does 196 divide 33224?
False
Is 661 a multiple of 34?
False
Is 11 a factor of 20?
False
Is 3 a factor of 355?
False
Is 26 a factor of 16936?
False
Is 296 a multiple of 22?
False
Is 19 a factor of 7980?
True
Is 27 a factor of 962?
False
Is 3773 a multiple of 77?
True
Is 82 a factor of 4871?
False
Does 28 divide 12831?
False
Is 113 a factor of 49042?
True
Is 2278 even?
True
Is 27 a factor of 3888?
True
Is 2604 a multiple of 12?
True
Is 5 a factor of 856?
False
Is 11 a factor of 253?
True
Is 209704 a multiple of 13?
False
Is 119 a factor of 4280?
False
Is 54 a factor of 3305?
False
Is 61 a factor of 51118?
True
Is 75939 a multiple of 34?
False
Is 287 a factor of 30709?
True
Is 15036 a multiple of 179?
True
Is 7340 a multiple of 32?
False
Is 24 a factor of 77448?
True
Does 2 divide 4031?
False
Is 2718 a multiple of 16?
False
Does 9 divide 171?
True
Does 13 divide 1768?
True
Does 25 divide 49475?
True
Is 19641 a multiple of 59?
False
Does 144 divide 4032?
True
Is 22 a factor of 2743?
False
Does 18 divide 148914?
True
Is 169 a multiple of 8?
False
Does 16 divide 2811?
False
Is 359 a multiple of 4?
False
Is 28615 a multiple of 59?
True
Is 2100 a multiple of 14?
True
Does 25 divide 11375?
True
Is 454 a multiple of 10?
False
Is 1092 a multiple of 13?
True
Is 644 a multiple of 46?
True
Does 13 divide 1027?
True
Is 3923 a multiple of 13?
False
Is 782 a multiple of 17?
True
Does 8 divide 502?
False
Does 19 divide 1608?
False
Is 1352 a multiple of 8?
True
Does 87 divide 12886?
False
Is 593 a multiple of 24?
False
Is 84 a factor of 7728?
True
Is 100 a factor of 6811?
False
Is 1671 a multiple of 158?
False
Does 10 divide 450?
True
Does 24 divide 40176?
True
Does 47 divide 135219?
True
Is 6 a factor of 29346?
True
Is 49 a factor of 2107?
True
Is 12 a factor of 420?
True
Is 121 a factor of 3028?
False
Is 990 a multiple of 22?
True
Is 2072 a multiple of 11?
False
Is 31 a factor of 21421?
True
Is 329 a multiple of 6?
False
Does 46 divide 460?
True
Is 37 a factor of 25567?
True
Does 14 divide 3668?
True
Does 12 divide 216?
True
Does 387 divide 76073?
False
Is 13125 a multiple of 42?
False
Does 42 divide 1462?
False
Is 153 a factor of 10111?
False
Does 30 divide 13470?
True
Is 3250 a multiple of 26?
True
Is 5712 a multiple of 51?
True
Does 30 divide 2280?
True
Does 29 divide 3013?
False
Does 20 divide 820?
True
Is 5 a factor of 28?
False
Is 8 a factor of 222?
False
Is 175 a factor of 4634?
False
Is 1826 a multiple of 11?
True
Is 10670 a multiple of 10?
True
Is 305 a multiple of 29?
False
Does 26 divide 41782?
True
Is 54 a factor of 3342?
False
Is 6882 a multiple of 111?
True
Is 66 a factor of 11616?
True
Is 1311 a multiple of 8?
False
Does 2 divide 135?
False
Does 74 divide 74?
True
Is 48 a factor of 3552?
True
Is 1458 a multiple of 29?
False
Is 13886 a multiple of 53?
True
Is 7 a factor of 3955?
True
Does 20 divide 2519?
False
Does 51 divide 2907?
True
Does 69 divide 57891?
True
Is 20803 a multiple of 148?
False
Is 5359 a multiple of 69?
False
Does 98 divide 1568?
True
Is 594 a multiple of 22?
True
Is 19 a factor of 23545?
False
Is 5838 a multiple of 139?
True
Is 23 a factor of 46?
True
Does 8 divide 8575?
False
Is 49 a factor of 1784?
False
Is 286 a multiple of 13?
True
Does 42 divide 42000?
True
Is 19 a factor of 912?
True
Is 11 a factor of 2462?
False
Is 3298 a multiple of 78?
False
Is 73 a factor of 70445?
True
Is 400 a multiple of 16?
True
Is 3 a factor of 62?
False
Does 70 divide 3762?
False
Is 41 a factor of 1640?
True
Does 71 divide 2272?
True
Does 68 divide 6800?
True
Does 36 divide 3204?
True
Is 31260 a multiple of 15?
True
Is 1438 a multiple of 12?
False
Is 2912 a multiple of 28?
True
Is 94 a factor of 470?
True
Is 76 a factor of 1596?
True
Does 6 divide 3024?
True
Does 2 divide 156?
True
Is 47 a factor of 20324?
False
Does 2 divide 78?
True
Does 4 divide 837?
False
Does 20 divide 80?
True
Does 11 divide 25